
2, 997693
What are the prime factors of 29795137?
29795137
What are the prime factors of 152242?
2, 163, 467
What are the prime factors of 20076?
2, 3, 7, 239
List the prime factors of 1240136.
2, 155017
List the prime factors of 207135.
3, 5, 4603
What are the prime factors of 70167?
3, 19, 1231
List the prime factors of 16379473.
11, 23, 101, 641
What are the prime factors of 1650776?
2, 206347
List the prime factors of 4739862.
2, 3, 789977
What are the prime factors of 259601?
23, 11287
What are the prime factors of 34926272?
2, 545723
What are the prime factors of 474066?
2, 3, 8779
What are the prime factors of 68893?
11, 6263
List the prime factors of 1565439.
3, 521813
What are the prime factors of 547738?
2, 47, 5827
What are the prime factors of 5674197?
3, 857, 2207
List the prime factors of 7575394.
2, 349, 10853
List the prime factors of 27361699.
27361699
List the prime factors of 23056.
2, 11, 131
What are the prime factors of 3912776?
2, 7, 107, 653
List the prime factors of 17883521.
109, 191, 859
List the prime factors of 415100.
2, 5, 7, 593
What are the prime factors of 5000500?
2, 5, 73, 137
What are the prime factors of 18062486?
2, 13, 661, 1051
What are the prime factors of 720575?
5, 19, 37, 41
What are the prime factors of 722552?
2, 181, 499
What are the prime factors of 11861653?
89, 133277
What are the prime factors of 8111387?
23, 29, 12161
List the prime factors of 4242987.
3, 7, 67349
What are the prime factors of 47996?
2, 13, 71
List the prime factors of 352823.
389, 907
What are the prime factors of 2630690?
2, 5, 503, 523
List the prime factors of 1770294.
2, 3, 295049
List the prime factors of 2461275.
3, 5, 10939
List the prime factors of 1993636.
2, 498409
What are the prime factors of 286239?
3, 95413
List the prime factors of 967893.
3, 322631
List the prime factors of 1612696.
2, 199, 1013
List the prime factors of 424506.
2, 3, 139, 509
What are the prime factors of 1698461?
1698461
List the prime factors of 13088358.
2, 3, 242377
What are the prime factors of 1598442?
2, 3, 17, 15671
List the prime factors of 1252479.
3, 417493
What are the prime factors of 1220618?
2, 7, 87187
What are the prime factors of 6560621?
229, 28649
What are the prime factors of 25033028?
2, 1889, 3313
List the prime factors of 6251614.
2, 17, 183871
List the prime factors of 25448945.
5, 67, 75967
What are the prime factors of 1482642?
2, 3, 7, 41
List the prime factors of 2534650.
2, 5, 163, 311
List the prime factors of 6666596.
2, 23, 233, 311
What are the prime factors of 25922000?
2, 5, 13, 997
List the prime factors of 2000512.
2, 15629
List the prime factors of 675814.
2, 337907
List the prime factors of 625709.
7, 89387
List the prime factors of 265991.
11, 24181
List the prime factors of 206882.
2, 13, 73, 109
List the prime factors of 704634.
2, 3, 7, 19, 883
What are the prime factors of 1648551?
3, 549517
What are the prime factors of 236927?
47, 71
List the prime factors of 4959907.
31, 193, 829
List the prime factors of 968453.
137, 7069
What are the prime factors of 517625?
5, 41, 101
What are the prime factors of 279318?
2, 3, 13, 3581
What are the prime factors of 3864358?
2, 761, 2539
What are the prime factors of 247238?
2, 123619
List the prime factors of 9926790.
2, 3, 5, 241, 1373
List the prime factors of 282255.
3, 5, 31, 607
List the prime factors of 90960.
2, 3, 5, 379
What are the prime factors of 829457?
829457
What are the prime factors of 1353529?
61, 22189
List the prime factors of 27888309.
3, 491, 6311
What are the prime factors of 1081816?
2, 29, 4663
List the prime factors of 903493.
903493
List the prime factors of 17516594.
2, 19, 41, 11243
What are the prime factors of 186140?
2, 5, 41, 227
What are the prime factors of 5975?
5, 239
What are the prime factors of 478620?
2, 3, 5, 2659
List the prime factors of 576850.
2, 5, 83, 139
What are the prime factors of 29732579?
29732579
What are the prime factors of 309633?
3, 29, 3559
What are the prime factors of 13303547?
29, 283, 1621
What are the prime factors of 647436?
2, 3, 163, 331
List the prime factors of 583274.
2, 59, 4943
What are the prime factors of 890135?
5, 53, 3359
List the prime factors of 915812.
2, 228953
What are the prime factors of 1880478?
2, 3, 104471
List the prime factors of 1678888.
2, 209861
What are the prime factors of 618323?
618323
What are the prime factors of 279401?
271, 1031
List the prime factors of 51898.
2, 7, 11, 337
What are the prime factors of 1089820?
2, 5, 29, 1879
List the prime factors of 5209835.
5, 859, 1213
List the prime factors of 493082.
2, 101, 2441
What are the prime factors of 174811?
7, 13, 17, 113
What are the prime factors of 1346621?
17, 113, 701
List the prime factors of 6502.
2, 3251
List the prime factors of 435475.
5, 17419
List the prime factors of 251305.
5, 50261
What are the prime factors of 586039?
107, 5477
List the prime factors of 10496634.
2, 3, 1749439
List the prime factors of 5889464.
2, 7, 251, 419
What are the prime factors of 1005840?
2, 3, 5, 11, 127
What are the prime factors of 280835?
5, 56167
What are the prime factors of 1799306?
2, 241, 3733
What are the prime factors of 928316?
2, 232079
List the prime factors of 4854224.
2, 303389
What are the prime factors of 5457004?
2, 7, 79, 2467
List the prime factors of 1548545.
5, 317, 977
What are the prime factors of 186611?
181, 1031
What are the prime factors of 123264?
2, 3, 107
List the prime factors of 341847.
3, 11, 1151
What are the prime factors of 12929573?
31, 113, 3691
List the prime factors of 76013.
7, 10859
What are the prime factors of 125537?
47, 2671
What are the prime factors of 227310?
2, 3, 5, 7577
What are the prime factors of 4546246?
2, 521, 4363
What are the prime factors of 3634641?
3, 403849
List the prime factors of 12902312.
2, 73, 22093
List the prime factors of 415140.
2, 3, 5, 11, 17, 37
What are the prime factors of 340640?
2, 5, 2129
What are the prime factors of 10252988?
2, 149, 17203
List the prime factors of 132505.
5, 26501
What are the prime factors of 13297785?
3, 5, 886519
What are the prime factors of 958526?
2, 479263
What are the prime factors of 253668?
2, 3, 21139
What are the prime factors of 5285970?
2, 3, 5, 58733
List the prime factors of 189012.
2, 3, 19, 829
What are the prime factors of 208938?
2, 3, 97, 359
What are the prime factors of 7327796?
2, 7, 261707
What are the prime factors of 9582421?
23, 43, 9689
List the prime factors of 2038544.
2, 43, 2963
List the prime factors of 15523004.
2, 7, 29, 2731
What are the prime factors of 2414221?
17, 29, 59, 83
List the prime factors of 12070905.
3, 5, 7, 11, 1493
List the prime factors of 7882985.
5, 11, 17, 8431
List the prime factors of 428125.
5, 137
List the prime factors of 377918.
2, 37, 5107
What are the prime factors of 5663308?
2, 7, 223, 907
What are the prime factors of 626715?
3, 5, 19, 733
List the prime factors of 193315.
5, 23, 41
List the prime factors of 19961065.
5, 3992213
List the prime factors of 22866556.
2, 5716639
List the prime factors of 1456270.
2, 5, 107, 1361
List the prime factors of 10475118.
2, 3, 19, 109, 281
What are the prime factors of 67927?
67927
List the prime factors of 19094732.
2, 67, 71249
What are the prime factors of 4291863?
3, 317, 4513
List the prime factors of 7511153.
13, 577781
List the prime factors of 483052.
2, 120763
What are the prime factors of 1375881?
3, 13, 35279
List the prime factors of 26971144.
2, 3371393
List the prime factors of 1497027.
3, 7, 71287
What are the prime factors of 149848?
2, 18731
What are the prime factors of 1275930?
2, 3, 5, 14177
List the prime factors of 4043922.
2, 3, 19, 1867
What are the prime factors of 102321?
3, 11369
What are the prime factors of 89325?
3, 5, 397
What are the prime factors of 343782?
2, 3, 71, 269
What are the prime factors of 4092261?
3, 487, 2801
List the prime factors of 28765872.
2, 3, 37, 5399
What are the prime factors of 571940?
2, 5, 28597
What are the prime factors of 306337?
19, 23, 701
List the prime factors of 304495.
5, 60899
What are the prime factors of 924292?
2, 311, 743
What are the prime factors of 2585774?
2, 1292887
What are the prime factors of 1420880?
2, 5, 17761
What are